git of 27990?
2
What is the thousands digit of 8175?
8
What is the tens digit of 22928?
2
What is the units digit of 4451?
1
What is the units digit of 17809?
9
What is the tens digit of 3500?
0
What is the tens digit of 5056?
5
What is the units digit of 18210?
0
What is the tens digit of 2504?
0
What is the thousands digit of 11534?
1
What is the units digit of 116657?
7
What is the hundreds digit of 588?
5
What is the tens digit of 1562?
6
What is the thousands digit of 8259?
8
What is the thousands digit of 32856?
2
What is the hundreds digit of 45406?
4
What is the hundred thousands digit of 178275?
1
What is the units digit of 5539?
9
What is the ten thousands digit of 171545?
7
What is the tens digit of 683?
8
What is the hundreds digit of 168?
1
What is the tens digit of 1644?
4
What is the thousands digit of 7657?
7
What is the thousands digit of 2588?
2
What is the thousands digit of 23027?
3
What is the thousands digit of 5580?
5
What is the ten thousands digit of 29130?
2
What is the tens digit of 677?
7
What is the tens digit of 384?
8
What is the units digit of 82923?
3
What is the units digit of 5832?
2
What is the tens digit of 1526?
2
What is the hundreds digit of 16921?
9
What is the ten thousands digit of 44025?
4
What is the tens digit of 188?
8
What is the hundreds digit of 94288?
2
What is the thousands digit of 6712?
6
What is the thousands digit of 1588?
1
What is the tens digit of 4004?
0
What is the ten thousands digit of 21214?
2
What is the units digit of 2775?
5
What is the tens digit of 1037?
3
What is the units digit of 1284?
4
What is the hundreds digit of 654?
6
What is the hundreds digit of 481?
4
What is the units digit of 123366?
6
What is the thousands digit of 5254?
5
What is the units digit of 6022?
2
What is the hundreds digit of 14427?
4
What is the hundreds digit of 902?
9
What is the units digit of 16389?
9
What is the hundred thousands digit of 126524?
1
What is the units digit of 1510?
0
What is the hundreds digit of 24645?
6
What is the hundred thousands digit of 150226?
1
What is the thousands digit of 20750?
0
What is the units digit of 212?
2
What is the tens digit of 439?
3
What is the thousands digit of 31435?
1
What is the thousands digit of 1364?
1
What is the hundreds digit of 756?
7
What is the tens digit of 895?
9
What is the hundreds digit of 150?
1
What is the units digit of 92184?
4
What is the units digit of 14228?
8
What is the tens digit of 10475?
7
What is the thousands digit of 15843?
5
What is the thousands digit of 53761?
3
What is the hundreds digit of 2259?
2
What is the units digit of 3834?
4
What is the hundreds digit of 23388?
3
What is the units digit of 16067?
7
What is the units digit of 4466?
6
What is the units digit of 467?
7
What is the thousands digit of 12320?
2
What is the ten thousands digit of 51926?
5
What is the hundreds digit of 101?
1
What is the tens digit of 919?
1
What is the thousands digit of 10209?
0
What is the thousands digit of 1722?
1
What is the thousands digit of 9148?
9
What is the ten thousands digit of 33817?
3
What is the tens digit of 47700?
0
What is the hundreds digit of 1063?
0
What is the units digit of 611?
1
What is the units digit of 671?
1
What is the hundreds digit of 4914?
9
What is the thousands digit of 68759?
8
What is the units digit of 30714?
4
What is the ten thousands digit of 55619?
5
What is the units digit of 712?
2
What is the hundreds digit of 80443?
4
What is the hundreds digit of 13073?
0
What is the hundreds digit of 13843?
8
What is the hundreds digit of 5711?
7
What is the hundreds digit of 5638?
6
What is the hundreds digit of 6524?
5
What is the tens digit of 4144?
4
What is the thousands digit of 15502?
5
What is the tens digit of 2122?
2
What is the hundreds digit of 1387?
3
What is the units digit of 121754?
4
What is the units digit of 1122?
2
What is the units digit of 57800?
0
What is the hundreds digit of 847?
8
What is the hundreds digit of 63900?
9
What is the hundreds digit of 175?
1
What is the units digit of 2211?
1
What is the thousands digit of 14488?
4
What is the units digit of 744?
4
What is the ten thousands digit of 11815?
1
What is the tens digit of 4130?
3
What is the units digit of 6173?
3
What is the units digit of 47397?
7
What is the units digit of 31601?
1
What is the thousands digit of 9211?
9
What is the tens digit of 9726?
2
What is the thousands digit of 3067?
3
What is the tens digit of 2761?
6
What is the thousands digit of 6904?
6
What is the tens digit of 775?
7
What is the ten thousands digit of 46643?
4
What is the hundreds digit of 3444?
4
What is the tens digit of 922?
2
What is the units digit of 130?
0
What is the thousands digit of 39374?
9
What is the units digit of 1681?
1
What is the ten thousands digit of 27770?
2
What is the units digit of 888?
8
What is the units digit of 3262?
2
What is the tens digit of 3830?
3
What is the tens digit of 15676?
7
What is the units digit of 43119?
9
What is the units digit of 53685?
5
What is the tens digit of 942?
4
What is the hundreds digit of 9421?
4
What is the units digit of 21?
1
What is the hundreds digit of 1726?
7
What is the units digit of 6290?
0
What is the units digit of 59473?
3
What is the hundreds digit of 919?
9
What is the thousands digit of 68284?
8
What is the units digit of 1864?
4
What is the ten thousands digit of 55111?
5
What is the tens digit of 70699?
9
What is the tens digit of 5153?
5
What is the tens digit of 902?
0
What is the hundreds digit of 8972?
9
What is the hundreds digit of 4679?
6
What is the hundreds digit of 4764?
7
What is the units digit of 40?
0
What is the units digit of 18873?
3
What is the hundreds digit of 901?
9
What is the hundreds digit of 37104?
1
What is the ten thousands digit of 12389?
1
What is the thousands digit of 7827?
7
What is the hundreds digit of 22664?
6
What is the tens digit of 888?
8
What is the tens digit of 37?
3
What is the units digit of 1755?
5
What is the hundreds digit of 13251?
2
What is the units digit of 118?
8
What is the units digit of 1295?
5
What is the thousands digit of 12420?
2
What is the units digit of 110343?
3
What is the thousands digit of 26823?
6
What is the tens digit of 1195?
9
What is the thousands digit of 42814?
2
What is the tens digit of 990?
9
What is the hundreds digit of 1353?
3
What is the thousands digit of 5322?
5
What is the units digit of 291?
1
What is the hundreds digit of 2050?
0
What is the units digit of 2474?
4
What is the units digit of 6716?
6
What is the tens digit of 2466?
6
What is the units digit of 1341?
1
What is the tens digit of 3344?
4
What is the units digit of 43215?
5
What is the tens digit of 15819?
1
What is the tens digit of 2178?
7
What is the hundreds digit of 80232?
2
What is the tens digit of 73?
7
What is the tens digit of 721?
2
What is the tens digit of 1331?
3
What is the tens digit of 5268?
6
What is the hundreds digit of 479?
4
What is the tens digit of 1500?
0
What is the tens digit of 15783?
8
What is the units digit of 107?
7
What is the tens digit of 1112?
1
What is the units digit of 454?
4
What is the thousands digit of 6102?
6
What is the tens digit of 5920?
2
What is the units digit of 309?
9
What is the hundreds digit of 969?
9
What is the hundreds digit of 3926?
9
What is the units digit of 3487?
7
What is the ten thousands digit of 190419?
9
What is the units digit of 3956?
6
What is the hundreds digit of 875?
8
What is the hundreds digit of 1543?
5
What is the tens digit of 4439?
3
What is the thousands digit of 2475?
2
What is the units digit of 14?
4
What is the ten thousands digit of 86388?
8
What is the tens digit of 558?
5
What is the ten thousands digit of 30969?
3
What is the hundreds digit of 5107?
1
What is the tens digit of 15258?
5
What is the units digit of 3547?
7
What is the tens digit of 1690?
9
What is the units digit of 611?
1
What is the ten thousands digit of 12056?
1
What is the units digit of 10070?
0
What is the hundreds digit of 6982?
9
What is the tens digit of 56087?
8
What is the hundreds digit of 9220?
2
What is the units digit of 1415?
5
What is the units digit of 5273?
3
What is the tens digit of 253?
5
What is the ten thousands digit of 43712?
4
Wh